Suppose m = -13*s + 11*s - 3*d + 6, 3*d = 4*s - 48. What is the greatest common factor of b and s?
9
Let c(r) = -3*r**2 - 9*r + 29. Let n be c(-9). Let f = -106 - n. What is the highest common divisor of 81 and f?
27
Suppose -2*h = 4*d + 2 - 4, -6 = 2*h. Let u be 26*(2/d - -1). Let s be 133 - -6*(-1)/2. What is the greatest common divisor of u and s?
26
Let i = 24747 + -10900. What is the greatest common divisor of i and 61?
61
Let u(i) = 13*i - 47. Let h be u(8). Suppose 141 + h = 18*s. Suppose -39 + 6 = -3*f. What is the greatest common factor of f and s?
11
Let w = 114 - 107. Let y be (-528)/(-28)*(w + 7). Calculate the highest common divisor of y and 33.
33
Suppose 0 = 4*h + x - 48, -3*x - 27 + 83 = 4*h. Suppose 5*s - 94 = -i - 0, -s - 124 = -i. Suppose i = 4*j + 31. Calculate the greatest common factor of j and h.
11
Let g = -112 - -452. Let l = -42437 + 42641. What is the highest common factor of l and g?
68
Let a = 757 - 690. Suppose -54*f + a*f - 975 = 0. What is the greatest common factor of f and 50?
25
Let r(l) = 585*l**3 + 2*l**2 - 22*l + 53. Let g be r(2). Calculate the highest common divisor of 231 and g.
77
Suppose -4*c = v - 789, 4*c + 4*v = -0*v + 804. Suppose -10*i - 388 = -4*s - 5*i, 2*s = 2*i + c. What is the highest common factor of 1020 and s?
102
Suppose 2*m - 2*p = 68, 30*m = 27*m - 5*p + 102. What is the highest common divisor of m and 2822?
34
Let f(s) = 49*s**2 - 4*s + 1. Let j be f(1). Let i(h) = 46*h. Let b be i(3). Suppose -b = 3*r - 5*r. Calculate the greatest common divisor of j and r.
23
Suppose -158*h + 40403 = -122179. What is the greatest common divisor of 490 and h?
49
Let a be (-25)/4*-28*1. Let d be (-18)/27*(123 + -165). What is the highest common divisor of a and d?
7
Suppose -2*p + y + 15 = 0, 6*y - 1 = -13*p + 12*p. Let f be (-475)/(-4) + 1/4. What is the highest common divisor of f and p?
7
Suppose -3*c + 5*h = -28, 0 = -0*c + 3*c - h - 20. Suppose -3*z = -3*p - 87, -c*p + p + 15 = 0. What is the greatest common divisor of 40 and z?
8
Let l(w) = -w**3 + w**2 + 2*w + 2. Let d be l(0). Let v be d*((-5 - -64) + -3). What is the highest common divisor of v and 32?
16
Suppose 0 = -4*i + 25 + 3. Let b(t) = 26*t + 464. Let x be b(-18). Let a be (3528/48)/((-6)/x). What is the greatest common factor of i and a?
7
Let g(h) = 15*h - 206. Suppose -191 - 94 = -19*y. Let j be g(y). Calculate the greatest common factor of j and 1.
1
Let w = 92 + -58. Suppose w*q = 13*q + 168. What is the highest common factor of 36 and q?
4
Let v(l) = 5*l**2 - 68*l - 89. Let z be v(19). Calculate the greatest common factor of z and 40.
8
Let m be (-1)/(-1*1) - (19 + -17). Let r be -24*((-4)/3)/m. Let a = -23 - r. Calculate the highest common factor of a and 72.
9
Let d(t) = -4*t - 2. Let i be d(5). Let o = -14 - i. Suppose -4*p + 7 = 3. What is the highest common divisor of o and p?
1
Let q(z) = 33*z - 78. Let x be q(5). Suppose d = x - 25. Suppose -3*j - 124 = -7*j. What is the highest common divisor of d and j?
31
Let i(l) = -13*l - 2*l - 2*l + 1. Let j be i(-2). Suppose -4*y - 30 = -4*x + 70, -x - 4*y = 30. What is the greatest common factor of x and j?
7
Let l(m) = m**3 - 8*m**2 + 6*m + 10. Let p be l(7). Suppose -q - 42 = -5*q - 3*n, -p*q = -5*n - 17. Calculate the highest common divisor of 3 and q.
3
Let y(k) = -977*k + 272. Let n be y(-4). What is the greatest common factor of n and 176?
44
Let g(o) = -28*o - 28. Let y(q) = 5*q + 5. Let w(t) = 6*g(t) + 34*y(t). Let d be w(35). What is the highest common factor of 56 and d?
8
Let w = -461 - -651. Let r be (-6)/(-10)*((7 - 7) + w). What is the greatest common factor of 266 and r?
38
Suppose 3 = 3*y, 378 - 1961 = -5*i - 3*y. Let r be i - -5*8/(-40). What is the highest common divisor of r and 180?
45
Let s(u) = -3*u**2 + 7*u + 22. Let k be s(7). Let y be 1 + (-1)/(3/150). Let p = y - k. Calculate the highest common factor of p and 18.
9
Suppose 0 = -3*t + v + 67, -107 + 175 = 2*t - 4*v. What is the greatest common factor of 8080 and t?
20
Let m(d) = -d**2 + 2131*d + 40851. Let k be m(-19). Let g(a) = a**2 - 5*a + 1. Let x be g(6). Let z = -2 + x. What is the greatest common factor of z and k?
1
Let m be ((-3)/6)/((-2)/32*-2). Let k be (m/5)/((-40)/4800). Calculate the highest common divisor of 264 and k.
24
Suppose -271*p - 11108 = -51487. What is the highest common divisor of 47829 and p?
149
Let d = -1452 + 1495. Calculate the highest common factor of d and 129.
43
Let p be 5/((1/7)/(20/140)). Suppose 7*w - p*b = 2*w + 195, -4*w = -6*b - 162. Calculate the highest common factor of 117 and w.
9
Let i(j) = -3*j**3 - 4 + 19*j**2 + 3 - 19*j**2 - j. Let s be i(-2). Let n(f) = -f**2 - 9*f - 13. Let o be n(-6). Calculate the highest common factor of s and o.
5
Suppose -3*t + 1153 = -4*i + 1283, -4*i - t = -138. Let d(r) = 7*r + 7. Let f be d(-6). Let p = 52 + f. Calculate the greatest common divisor of i and p.
17
Suppose -4*j - 2*j + 12 = 0. Let h be (j - -1) + ((-4)/(-2) - 1). Let x be h*(1/(-2))/(4/(-40)). What is the highest common factor of 140 and x?
20
Suppose -9*b = -8*b - 4*v - 278, -275 = -b + 3*v. What is the greatest common factor of 399 and b?
133
Suppose -88 = 30*d - 143 - 65. Calculate the greatest common divisor of d and 28.
4
Suppose -5*p = 48*d - 55*d - 15, -4*d = -2*p + 6. Calculate the greatest common factor of p and 678.
3
Let i = 4 - -32. Suppose 2*m - 262 = -2*l - 10, 0 = -5*l - 2*m + 648. Calculate the highest common factor of l and i.
12
Let n(y) = 3*y + 4. Let x = -2 - -6. Let p be n(x). Suppose 0 = 44*q - 36*q - 832. Calculate the highest common divisor of p and q.
8
Let y be (207242/28)/((-11)/(-22)). Calculate the highest common divisor of y and 131.
131
Let j be (-2)/(-12)*(54940/10 - 16). What is the highest common factor of j and 55?
11
Let v be 6/(((-140)/(-90))/7). Calculate the highest common divisor of 53 and v.
1
Let n = -47 - -62. Suppose -4*d + 12 = -2*f + 6*f, 5*f = 2*d + 1. Let w be 4 + 28 - (f + 1). Calculate the highest common factor of n and w.
15
Suppose 49 + 95 = 2*o. Let l(q) = -758 - 22*q + 1303 - 669. Let n be l(-6). What is the greatest common factor of o and n?
8
Suppose l = 4, -11*o + 10*o = -l + 4. Suppose o = -3*i + 2*m + 22, 0 = -3*i - 4*m + 47 - 1. What is the highest common factor of i and 6?
2
Let q be (-14)/(-6) + 1/(-3). Let f(r) = -176*r + 187*r - 36 - 45. Let s be f(9). What is the highest common factor of q and s?
2
Let h be 6/9*(-9)/(-2)*(-26)/(-13). What is the greatest common factor of 11838 and h?
6
Let l(f) = -f**3 - 2*f**2 + 13*f + 10. Suppose -5*w = -21*w - 96. Let d be l(w). What is the highest common factor of d and 171?
19
Let k = 4343 + -4242. What is the highest common factor of k and 2525?
101
Let n(v) = v**3 + 55*v**2 - 49*v - 107. Let p be n(-55). Suppose -3*k - k + 1312 = 2*q, -4*q + p = -k. Calculate the greatest common divisor of 81 and q.
81
Let x = -26 - -67. Let n be -31 - (2/(-8) - 13/(-4)). Let c = n + x. What is the greatest common divisor of 14 and c?
7
Let l be ((-162)/4)/(9/(-96)). Let w = -425 + l. Suppose 5*q + 3*c - 25 - 10 = 0, q + 3*c - 7 = 0. What is the highest common divisor of q and w?
7
Let q = -2041 + 2049. What is the highest common factor of 472 and q?
8
Let b be (1 + -1)/((-19)/19) - 4. Let i be (-2 - b) + 12 + 5 + -8. Calculate the greatest common divisor of i and 55.
11
Let j be 12/7 - (-170)/595. Suppose -51*q - 19 = -v - 47*q, j*q + 21 = v. Calculate the highest common divisor of 253 and v.
23
Let s be (12/(-15)*2 - -6)/(14/35). What is the greatest common divisor of 2959 and s?
11
Suppose 0 = -4*m - m + 825. Let h(i) = i**3 + 3*i**2 + 34*i + 33. Let w be h(0). What is the highest common factor of m and w?
33
Let q be ((-10)/8 + (-28)/(-56))*-32. What is the greatest common divisor of 24 and q?
24
Let x(y) = 2*y**2 + 172*y - 315. Let l be x(-88). Suppose -225 = -2*h - 3*z, -5*h + 220 = -3*h - 2*z. Calculate the greatest common factor of h and l.
37
Let z(d) = d**2 + 14*d + 35. Let l be z(-11). Let a be l/5 + (-43488)/(-180). Calculate the highest common divisor of a and 66.
22
Let p = 10454 - 10424. What is the highest common divisor of 1970 and p?
10
Suppose -28827 - 29653 = -20*i - 20*i. What is the greatest common factor of 688 and i?
86
Suppose -177*y - 332*y = -7316